base 4, what is 1303002 + -12?
1302330
In base 14, what is 4b6 + b56?
122c
In base 9, what is -318304 + 2?
-318302
In base 10, what is 4847662 + -4?
4847658
In base 9, what is 83621 - 7?
83613
In base 12, what is -4348 - -4?
-4344
In base 12, what is -3b52 + 280?
-3892
In base 10, what is 5 - -185224?
185229
In base 4, what is 31120302 + -2?
31120300
In base 15, what is a0 - -85c?
90c
In base 15, what is 12ce + 7c?
135b
In base 7, what is -201606 + -3?
-201612
In base 14, what is 2 + -aaa3?
-aaa1
In base 3, what is -12 + -1010221201?
-1010221220
In base 5, what is 1200 - -144?
1344
In base 7, what is -3 - -51401?
51365
In base 3, what is 2 - -2121212101?
2121212110
In base 11, what is -6 + 95561?
95556
In base 16, what is 1f031 - -d?
1f03e
In base 7, what is -4 - -611?
604
In base 7, what is -62055 - -53?
-62002
In base 2, what is 1010001110000 + -11?
1010001101101
In base 8, what is -50263 - 10?
-50273
In base 2, what is -11 - -101100010011010?
101100010010111
In base 8, what is 457443 - -27?
457472
In base 6, what is -3321425 + -34?
-3321503
In base 14, what is 13d78 - 9?
13d6d
In base 7, what is 32 + -3041?
-3006
In base 6, what is 0 + -203133?
-203133
In base 7, what is -6 - 116043?
-116052
In base 2, what is -101 + 110100010?
110011101
In base 3, what is 10212211 + 20011?
11002222
In base 15, what is -1 + -8b734?
-8b735
In base 2, what is -10010010100010100100111 - -10?
-10010010100010100100101
In base 14, what is 89 - -1064?
110d
In base 11, what is 27a776 - 11?
27a765
In base 8, what is 5153 - -250?
5423
In base 14, what is -5 - 91db?
-9202
In base 10, what is -2 + -9284?
-9286
In base 7, what is -104010 + -1?
-104011
In base 4, what is -321213 - 12131?
-1000010
In base 12, what is 13b063 + 2?
13b065
In base 11, what is -11 + -89a?
-900
In base 11, what is -a + 1750a?
17500
In base 8, what is -43363 - -5?
-43356
In base 7, what is -4 + 640615?
640611
In base 14, what is 13cd - 9?
13c4
In base 11, what is -9 + -1044?
-1052
In base 8, what is 76 + 275?
373
In base 5, what is 12011133 + -4?
12011124
In base 3, what is 20 + 12010021200?
12010021220
In base 7, what is 610 + -12?
565
In base 15, what is ab + -168?
-ac
In base 16, what is -3c6 + fa?
-2cc
In base 3, what is -1 + 100002000110?
100002000102
In base 14, what is c5 - 3b4d?
-3a68
In base 8, what is 25500 - -22?
25522
In base 16, what is -f088 + -25?
-f0ad
In base 15, what is 5cb + -6c?
55e
In base 10, what is -2243699 - -2?
-2243697
In base 2, what is 11010001 - -10101111000111?
10110010011000
In base 6, what is 1310 + -10033?
-4323
In base 7, what is -132 - 114?
-246
In base 14, what is 2 - 22676?
-22674
In base 7, what is -2062366 + 1?
-2062365
In base 3, what is -111 + 12012001?
12011120
In base 10, what is 15 + -2475?
-2460
In base 12, what is 1b3232b + -3?
1b32328
In base 7, what is 10 + 21035?
21045
In base 3, what is -1201201210 + 20?
-1201201120
In base 15, what is 91 - -277a?
281b
In base 16, what is 8b + 2?
8d
In base 4, what is -21 - -11013101?
11013020
In base 9, what is 27338 + -15?
27323
In base 2, what is -1000 - -100011000010?
100010111010
In base 14, what is -c - 1c386?
-1c394
In base 15, what is -17314 - -1?
-17313
In base 2, what is -110011000000 - 1111?
-110011001111
In base 9, what is -30280 - -38?
-30241
In base 12, what is -522 + -51?
-573
In base 8, what is 4 - 4121?
-4115
In base 9, what is -5 - -875?
870
In base 6, what is -2 - -55110?
55104
In base 15, what is -4 - -4e18e?
4e18a
In base 7, what is 421122 - -133?
421255
In base 16, what is -1465a - 7?
-14661
In base 2, what is -1110001011110101110 + 10?
-1110001011110101100
In base 12, what is -1626 + -b?
-1635
In base 16, what is 19 + -5fe?
-5e5
In base 9, what is -630 - -1081?
351
In base 3, what is 1 - -12112020110?
12112020111
In base 13, what is 10b8 - -6b?
1156
In base 14, what is 2b0891 + -5?
2b088a
In base 14, what is 7d1c + -1?
7d1b
In base 3, what is 100202 - -2201?
110110
In base 3, what is 1201222 - -20200?
1222122
In base 6, what is -525 - -340?
-145
In base 11, what is -1 + -27777?
-27778
In base 10, what is 0 + -405472?
-405472
In base 9, what is -44 - -3816?
3762
In base 15, what is 0 - -853e?
853e
In base 5, what is 10 - 141231?
-141221
In base 7, what is 1355 - 13053?
-11365
In base 6, what is 3 - 225212?
-225205
In base 4, what is 0 - -111010?
111010
In base 6, what is 42100 - 0?
42100
In base 11, what is -12035 - 38?
-12072
In base 10, what is 74604 - -3?
74607
In base 3, what is 1111 + -201?
210
In base 9, what is 1 - 1266611?
-1266610
In base 14, what is 16725 + -3?
16722
In base 4, what is 3 - 1101121211?
-1101121202
In base 10, what is 2127 + -73?
2054
In base 16, what is 8337 - 8f?
82a8
In base 8, what is 15774 - -31?
16025
In base 16, what is 889 + -e3?
7a6
In base 10, what is 1914 - 998?
916
In base 13, what is -83492 + -3?
-83495
In base 7, what is 421622 + 26?
421651
In base 7, what is -16 + -3040424?
-3040443
In base 6, what is -203435122 + 5?
-203435113
In base 8, what is 276454 - 4?
276450
In base 16, what is -1e5 - 49?
-22e
In base 12, what is 4 - 527a84?
-527a80
In base 2, what is -110111 + -101001100?
-110000011
In base 3, what is 11 + -11220111212?
-11220111201
In base 8, what is -637 + -645?
-1504
In base 13, what is -939 - -4?
-935
In base 12, what is -874 + -2140?
-29b4
In base 6, what is -4133 + -241?
-4414
In base 15, what is -20bc - -a7?
-2015
In base 14, what is 2 + 8b5b?
8b5d
In base 5, what is -21211 - 1103?
-22314
In base 12, what is 7 - -16a89?
16a94
In base 10, what is 938 - 243?
695
In base 13, what is -1477 - -7?
-1470
In base 4, what is -21222 + 13?
-21203
In base 13, what is -18 + -104?
-11c
In base 10, what is 1265 - -1008?
2273
In base 9, what is -3407 - -467?
-2830
In base 2, what is 111000 - 1000100001?
-111101001
In base 3, what is 2010201020 - -1?
2010201021
In base 13, what is 35 + -74c?
-717
In base 2, what is -10111 + 1010011100?
1010000101
In base 3, what is -12 + -1012111?
-1012200
In base 5, what is 141 - -102410?
103101
In base 3, what is 2111111111 + 12?
2111111200
In base 4, what is -103210 + 3100?
-100110
In base 14, what is 31a - -324?
640
In base 15, what is 57 - 41d?
-3b6
In base 4, what is -103 + -311103100?
-311103203
In base 2, what is 10011001001100110 - 1?
10011001001100101
In base 9, what is 3 - -17467?
17471
In base 5, what is 4 + -203123?
-203114
In base 3, what is -102200 - -10222000?
10112100
In base 8, what is -1341637 + 0?
-1341637
In base 14, what is 4948 + a2?
4a0a
In base 8, what is -20 + 6330?
6310
In base 7, what is -1 - 162666?
-163000
In base 2, what is -10 - -1001001010001100010?
1001001010001100000
In base 14, what is 282a06 + 4?
282a0a
In base 16, what is -7d - -441?
3c4
In base 16, what is 15 - 42d?
-418
In base 15, what is -10 + 649?
639
In base 8, what is -20 + 4177?
4157
In base 11, what is 0 - -7416?
7416
In base 8, what is 15407 + 27?
15436
In base 10, what is -6021 + 1?
-6020
In base 4, what is 1300311 + -10?
1300301
In base 5, what is -101313 - 34?
-101402
In base 13, what is 4 + 30841?
30845
In base 4, what is -2 + -10101112?
-10101120
In base 6, what is 1544250 + -1?
1544245
In base 11, what is 3312a - 4?
33126
In base 4, what is -1022300 + -2?
-1022302
In base 3, what is 1022 - -121100?
122122
In base 5, what is 1142 + 433302?
434444
In base 6, what is 140 + -500135?
-455555
In base 7, what is -302 + 23?
-246
In base 3, what is -11122221202 + -12?
-11122221221
In base 11, what is -3649 - 413?
-3a61
In base 4, what is -301112303 - -3?
-301112300
In base 14, what is 289d9 - -2?
289db
In base 16, what is -3c1 - 358?
-719
In base 8, what is -15745 + 5?
-15740
In base 8, what is -4 - 456366?
-456372
In base 14, what is 1 + 29cd?
29d0
In base 4, what is -112 + 322101?
321323
In base 10, what is -724999 + -3?
-725002
In base 13, what is -84 + -18b5?
-1969
In base 12, what is 848a + -169?
8321
In base 6, what is 315 + -5343?
-5024
In base 9, what is 127801 - 13?
127777
In base 8, what is -3 - 17270?
-17273
In base 16, what is -d1 - 70?
-141
In base 5, what is 101 - 310?
-204
In base 14, what is -a87 + 6?
-a81
In base 15, what is 5 + -26491?
-2648b
In base 3, what is -10211101101 - -2?
-10211101022
In base 2, what is -1 - -1010100101111010011?
1010100101111010010
In base 6, what is -22042 + 1?
-22041
In base 